 (base 12) in base 13?
6
-1 (base 10) to base 14
-1
3 (base 11) to base 10
3
Convert 111 (base 5) to base 7.
43
What is -8 (base 10) in base 8?
-10
What is 101 (base 4) in base 14?
13
Convert -256 (base 12) to base 14.
-1b4
What is 10000 (base 2) in base 14?
12
Convert 2 (base 12) to base 3.
2
What is -14 (base 16) in base 13?
-17
-5 (base 13) to base 15
-5
4 (base 13) to base 14
4
Convert -23 (base 11) to base 10.
-25
What is 2 (base 6) in base 9?
2
Convert -330 (base 5) to base 11.
-82
Convert 4 (base 8) to base 15.
4
1ab (base 12) to base 9
335
133 (base 11) to base 15
a7
What is 354 (base 9) in base 10?
292
What is -34 (base 12) in base 7?
-55
-31 (base 12) to base 2
-100101
Convert 23 (base 5) to base 2.
1101
What is c (base 13) in base 12?
10
What is -12 (base 12) in base 16?
-e
240 (base 8) to base 15
aa
10 (base 4) to base 15
4
1 (base 11) to base 7
1
What is -40 (base 7) in base 6?
-44
10 (base 4) to base 10
4
-433 (base 6) to base 16
-a5
Convert 20 (base 6) to base 10.
12
What is -12 (base 8) in base 11?
-a
What is 264 (base 11) in base 13?
1b0
51 (base 10) to base 14
39
12 (base 10) to base 11
11
Convert -124 (base 7) to base 4.
-1003
Convert -2 (base 10) to base 2.
-10
2 (base 11) to base 16
2
What is -300 (base 4) in base 6?
-120
What is 41 (base 5) in base 12?
19
2 (base 15) to base 5
2
Convert 20 (base 6) to base 11.
11
What is -8 (base 12) in base 7?
-11
111 (base 3) to base 9
14
What is 1000100 (base 2) in base 16?
44
-7 (base 14) to base 7
-10
Convert -1 (base 16) to base 10.
-1
Convert -15 (base 8) to base 4.
-31
Convert -13 (base 5) to base 7.
-11
-5 (base 9) to base 15
-5
65 (base 14) to base 12
75
What is 1 (base 14) in base 15?
1
Convert -30 (base 5) to base 12.
-13
What is -2 (base 11) in base 12?
-2
Convert 7 (base 10) to base 9.
7
What is 4 (base 15) in base 10?
4
What is -225 (base 6) in base 10?
-89
-10 (base 3) to base 6
-3
What is 11 (base 6) in base 13?
7
What is -12 (base 3) in base 4?
-11
What is 11 (base 2) in base 15?
3
Convert -3a (base 12) to base 4.
-232
1 (base 8) to base 9
1
Convert -a (base 13) to base 16.
-a
Convert 234 (base 8) to base 7.
312
What is -34 (base 13) in base 6?
-111
Convert 1 (base 6) to base 4.
1
Convert -1 (base 7) to base 12.
-1
Convert 111011 (base 2) to base 8.
73
Convert 3 (base 13) to base 3.
10
What is 313 (base 4) in base 8?
67
Convert 75 (base 10) to base 6.
203
Convert -45 (base 16) to base 7.
-126
What is 8 (base 13) in base 11?
8
What is -22 (base 6) in base 12?
-12
Convert -10 (base 2) to base 6.
-2
2b (base 12) to base 13
29
Convert -12 (base 14) to base 15.
-11
Convert -11 (base 15) to base 14.
-12
What is -112 (base 3) in base 2?
-1110
What is -85 (base 9) in base 11?
-70
5 (base 15) to base 10
5
1 (base 2) to base 13
1
What is 11200 (base 3) in base 6?
330
-6 (base 14) to base 5
-11
1c (base 14) to base 8
32
What is 5 (base 10) in base 15?
5
What is 0 (base 12) in base 6?
0
What is -204 (base 5) in base 13?
-42
21 (base 15) to base 5
111
What is 5 (base 13) in base 3?
12
6 (base 9) to base 15
6
Convert -34 (base 7) to base 6.
-41
23 (base 9) to base 15
16
-1001 (base 2) to base 8
-11
What is -10 (base 16) in base 8?
-20
Convert -132 (base 4) to base 14.
-22
23 (base 6) to base 7
21
-1 (base 9) to base 5
-1
Convert -10 (base 3) to base 9.
-3
Convert -2 (base 3) to base 6.
-2
-103 (base 9) to base 8
-124
What is 165 (base 10) in base 9?
203
2 (base 13) to base 4
2
0 (base 4) to base 3
0
-3 (base 5) to base 14
-3
What is -10 (base 15) in base 9?
-16
Convert 0 (base 13) to base 3.
0
What is 8 (base 11) in base 13?
8
Convert 11202 (base 3) to base 15.
88
What is 10 (base 9) in base 4?
21
Convert -4 (base 12) to base 13.
-4
-6 (base 14) to base 5
-11
What is -33 (base 8) in base 12?
-23
What is 143 (base 12) in base 11?
168
What is 3 (base 13) in base 16?
3
-39 (base 15) to base 16
-36
20 (base 5) to base 9
11
What is -a5 (base 12) in base 16?
-7d
Convert -21 (base 4) to base 14.
-9
Convert -101 (base 4) to base 9.
-18
What is 36 (base 12) in base 9?
46
Convert 3 (base 16) to base 6.
3
-15 (base 7) to base 5
-22
-9 (base 16) to base 3
-100
What is 120 (base 7) in base 2?
111111
What is 3 (base 15) in base 6?
3
What is 2 (base 8) in base 6?
2
-3 (base 8) to base 12
-3
What is -6 (base 7) in base 8?
-6
Convert -3 (base 14) to base 8.
-3
What is -59 (base 16) in base 5?
-324
What is -2 (base 10) in base 8?
-2
-1110 (base 2) to base 4
-32
Convert -1 (base 15) to base 6.
-1
What is 11 (base 3) in base 13?
4
What is 16 (base 11) in base 2?
10001
What is 5 (base 10) in base 14?
5
What is 4 (base 8) in base 9?
4
-3 (base 10) to base 7
-3
Convert 8d (base 16) to base 12.
b9
Convert -2 (base 4) to base 9.
-2
Convert -102 (base 11) to base 16.
-7b
6 (base 7) to base 12
6
What is 18 (base 11) in base 7?
25
What is -14 (base 11) in base 4?
-33
Convert -2 (base 8) to base 16.
-2
Convert -110 (base 7) to base 2.
-111000
What is -100001 (base 2) in base 7?
-45
What is -1 (base 6) in base 3?
-1
What is -3 (base 14) in base 7?
-3
-2f (base 16) to base 10
-47
3 (base 9) to base 11
3
Convert 5 (base 8) to base 12.
5
What is 3321 (base 4) in base 15?
119
What is -2 (base 15) in base 3?
-2
What is 17 (base 16) in base 15?
18
What is 18 (base 13) in base 3?
210
Convert 11000110 (base 2) to base 5.
1243
What is 0 (base 15) in base 12?
0
What is 1 (base 10) in base 6?
1
12 (base 12) to base 11
13
7 (base 13) to base 15
7
What is -9 (base 12) in base 9?
-10
-14 (base 5) to base 4
-21
1 (base 16) to base 5
1
Convert 101001111 (base 2) to base 7.
656
What is 0 (base 4) in base 15?
0
1 (base 13) to base 14
1
What is -22 (base 11) in base 9?
-26
-6 (base 8) to base 7
-6
1021 (base 4) to base 15
4d
63 (base 12) to base 4
1023
What is -2 (base 16) in base 2?
-10
Convert -29 (base 14) to base 16.
-25
What is 10 (base 6) in base 9?
6
What is 29 (base 11) in base 2?
11111
What is 200 (base 4) in base 7?
44
Convert 2 (base 4) to base 3.
2
Convert -22 (base 7) to base 11.
-15
Convert 432 (base 8) to base 16.
11a
Convert 3 (base 13) to base 8.
3
Convert -6 (base 9) to base 10.
-6
Convert 113 (base 7) to base 6.
135
-3 (base 5) to base 8
-3
-10 (base 2) to base 5
-2
3 (base 13) to base 16
3
-6 (base 8) to base 9
-6
-4 (base 5) to base 10
-4
Convert -201 (base 5) to base 13.
-3c
Convert -6 (base 11) to base 12.
-6
11b (base 13) to base 6
521
Convert 23 (base 4) to base 13.
b
Convert -124 (base 7) to base 4.
-1003
-35 (base 16) to base 7
-104
What is -18 (base 11) in base 2?
-10011
11 (base 2) to base 11
3
Convert 0 (base 11) to base 6.
0
Convert 2 (base 7) to base 12.
2
What is -2 (base 10) in base 8?
-2
-129 (base 12) to base 8
-261
Convert 2 (base 10) to base 11.
2
What is 10001001 (base 2) in base 9?
162
Convert 1 (base 15) to base 12.
1
What is 11 (base 8) in base 11?
9
-1 (base 10) to base 6
-1
What is 232 (base 9) in base 3?
21002
Convert -114 (base 6) to base 4.
-232
What is -16 (base 14) in base 3?
-202
-26 (base 8) to base 9
-24
Convert 26 (base 15) to base 16.
24
What is -22200 (base 3) in base 15?
-109
Convert 1 (base 13) to base 8.
1
What is -83 (base 15) in base 16?
-7b
1 (base 4) to base 13
1
What is -4 (base 11) in base 15?
-4
Convert 0 (base 13) to base 3.
0
Convert 4 (base 5) to base 15.
4
What is 1 (base 7) in base 6?
1
What is 2011 (base 3) in base 13?
46
What is 100 (base 6) in base 16?
24
-1 (base 6) to base 8
-1
What is -7 (base 11) in base 13?
-7
What is -4 (base 14) in base 6?
-4
-12 (base 5) to base 9
-7
Convert 5 (base 16) to base 7.
5
-1 (base 9) to base 10
-1
Convert 3 (base 15) to base 13.
3
-201 (base 4) to base 15
-23
What is -6 (base 8) in base 15?
-6
17c (base 15) to base 8
526
What is -1b (base 14) in base 12?
-21
What is 0 (base 2) in base 7?
0
What is -43 (base 8) in base 2?
-100011
Convert -3 (base 12) to base 16.
-3
What is 42 (base 5) in base 13?
19
Convert -129 (base 16) to base 10.
-297
90 (base 12) to base 6
300
121 (base 3) to base 5
31
What is c (base 13) in base 3?
110
What is 100 (base 2) in base 9?
4
What is -102 (base 13) in base 8?
-253
4 (base 14) to base 3
11
Convert -3 (base 13) to base 8.
-3
12 (base 12) to base 14
10
What is -43 (base 6) in base 2?
-11011
31 (base 6) to base 13
16
Convert -1 (base 3) to base 13.
-1
Convert 2 (base 12) to base 4.
2
1 (base 9